{"version":"1.0","provider_name":"Critical Care Services Ontario","provider_url":"https:\/\/criticalcareontario.ca\/fr\/","author_name":"Sarah Marinoff","author_url":"https:\/\/criticalcareontario.ca\/fr\/author\/sarah\/","title":"Politique concernant les maladies en phase critique - Critical Care Services Ontario","type":"rich","width":600,"height":338,"html":"<blockquote class=\"wp-embedded-content\" data-secret=\"lmVe1JwpMu\"><a href=\"https:\/\/criticalcareontario.ca\/fr\/ressources\/provincial-life-or-limb-policy\">Politique concernant les maladies en phase critique<\/a><\/blockquote><iframe sandbox=\"allow-scripts\" security=\"restricted\" src=\"https:\/\/criticalcareontario.ca\/fr\/ressources\/provincial-life-or-limb-policy\/embed\/#?secret=lmVe1JwpMu\" width=\"600\" height=\"338\" title=\"&#8220;Politique concernant les maladies en phase critique&#8221; &#8212; Critical Care Services Ontario\" data-secret=\"lmVe1JwpMu\" frameborder=\"0\" marginwidth=\"0\" marginheight=\"0\" scrolling=\"no\" class=\"wp-embedded-content\"><\/iframe><script type=\"text\/javascript\">\n\/* <![CDATA[ *\/\n\/*! This file is auto-generated *\/\n!function(d,l){\"use strict\";l.querySelector&&d.addEventListener&&\"undefined\"!=typeof URL&&(d.wp=d.wp||{},d.wp.receiveEmbedMessage||(d.wp.receiveEmbedMessage=function(e){var t=e.data;if((t||t.secret||t.message||t.value)&&!\/[^a-zA-Z0-9]\/.test(t.secret)){for(var s,r,n,a=l.querySelectorAll('iframe[data-secret=\"'+t.secret+'\"]'),o=l.querySelectorAll('blockquote[data-secret=\"'+t.secret+'\"]'),c=new RegExp(\"^https?:$\",\"i\"),i=0;i<o.length;i++)o[i].style.display=\"none\";for(i=0;i<a.length;i++)s=a[i],e.source===s.contentWindow&&(s.removeAttribute(\"style\"),\"height\"===t.message?(1e3<(r=parseInt(t.value,10))?r=1e3:~~r<200&&(r=200),s.height=r):\"link\"===t.message&&(r=new URL(s.getAttribute(\"src\")),n=new URL(t.value),c.test(n.protocol))&&n.host===r.host&&l.activeElement===s&&(d.top.location.href=t.value))}},d.addEventListener(\"message\",d.wp.receiveEmbedMessage,!1),l.addEventListener(\"DOMContentLoaded\",function(){for(var e,t,s=l.querySelectorAll(\"iframe.wp-embedded-content\"),r=0;r<s.length;r++)(t=(e=s[r]).getAttribute(\"data-secret\"))||(t=Math.random().toString(36).substring(2,12),e.src+=\"#?secret=\"+t,e.setAttribute(\"data-secret\",t)),e.contentWindow.postMessage({message:\"ready\",secret:t},\"*\")},!1)))}(window,document);\n\/\/# sourceURL=https:\/\/criticalcareontario.ca\/wp-includes\/js\/wp-embed.min.js\n\/* ]]> *\/\n<\/script>\n","description":"L\u2019objectif de la politique concernant les maladies en phase critique est de faciliter l\u2019acc\u00e8s et le transfert rapides pour les patients qui ont un \u00e9pisode de maladie grave, traitable et urgente, \u00e0 des services de soins actifs pour les interventions susceptibles d\u2019am\u00e9liorer les r\u00e9sultats pour les patients (lorsque l\u2019issue peut \u00eatre fatale si le transfert n\u2019est pas effectu\u00e9 dans les 4 heures)."}

L’objectif de la politique concernant les maladies en phase critique est de faciliter l’accès et le transfert rapides pour les patients qui ont un épisode de maladie grave, traitable et urgente, à des services de soins actifs pour les interventions susceptibles d’améliorer les résultats pour les patients (lorsque l’issue peut être fatale si le transfert n’est pas effectué dans les 4 heures).
